{"id":221,"date":"2019-10-23T06:34:00","date_gmt":"2019-10-23T06:34:00","guid":{"rendered":"http:\/\/gitarrenkultur.de\/?page_id=221"},"modified":"2023-09-17T18:50:09","modified_gmt":"2023-09-17T16:50:09","slug":"links","status":"publish","type":"page","link":"https:\/\/gitarrenkultur.de\/?page_id=221","title":{"rendered":"Links"},"content":{"rendered":"\n<p>Wir sind auf <a href=\"https:\/\/www.facebook.com\/groups\/260307945546\/\">Facebook<\/a> zu finden !<\/p>\n\n\n<div class=\"wp-block-image\">\n<figure class=\"alignright\"><img loading=\"lazy\" decoding=\"async\" width=\"273\" height=\"86\" src=\"https:\/\/gitarrenkultur.de\/wp-content\/uploads\/2019\/10\/roessel.jpg\" alt=\"\" class=\"wp-image-224\"\/><\/figure>\n<\/div>\n\n\n<p><br><br>Fritz R\u00f6ssel fertigt in seiner Werkstatt klassische Gitarren und E-B\u00e4sse auf hohem Niveau. Sein Ladengesch\u00e4ft hat Gitarren und B\u00e4sse vom Einsteigermodell bis zum Profi-Instrument <\/p>\n","protected":false},"excerpt":{"rendered":"<p>Wir sind auf Facebook zu finden ! Fritz R\u00f6ssel fertigt in seiner Werkstatt klassische Gitarren und E-B\u00e4sse auf hohem Niveau. Sein Ladengesch\u00e4ft hat Gitarren und B\u00e4sse vom Einsteigermodell bis zum Profi-Instrument<\/p>\n","protected":false},"author":1,"featured_media":0,"parent":0,"menu_order":0,"comment_status":"closed","ping_status":"closed","template":"","meta":{"footnotes":""},"class_list":["post-221","page","type-page","status-publish","hentry"],"_links":{"self":[{"href":"https:\/\/gitarrenkultur.de\/index.php?rest_route=\/wp\/v2\/pages\/221","targetHints":{"allow":["GET"]}}],"collection":[{"href":"https:\/\/gitarrenkultur.de\/index.php?rest_route=\/wp\/v2\/pages"}],"about":[{"href":"https:\/\/gitarrenkultur.de\/index.php?rest_route=\/wp\/v2\/types\/page"}],"author":[{"embeddable":true,"href":"https:\/\/gitarrenkultur.de\/index.php?rest_route=\/wp\/v2\/users\/1"}],"replies":[{"embeddable":true,"href":"https:\/\/gitarrenkultur.de\/index.php?rest_route=%2Fwp%2Fv2%2Fcomments&post=221"}],"version-history":[{"count":9,"href":"https:\/\/gitarrenkultur.de\/index.php?rest_route=\/wp\/v2\/pages\/221\/revisions"}],"predecessor-version":[{"id":824,"href":"https:\/\/gitarrenkultur.de\/index.php?rest_route=\/wp\/v2\/pages\/221\/revisions\/824"}],"wp:attachment":[{"href":"https:\/\/gitarrenkultur.de\/index.php?rest_route=%2Fwp%2Fv2%2Fmedia&parent=221"}],"curies":[{"name":"wp","href":"https:\/\/api.w.org\/{rel}","templated":true}]}}