{"id":209,"date":"2019-10-23T06:11:46","date_gmt":"2019-10-23T06:11:46","guid":{"rendered":"http:\/\/gitarrenkultur.de\/?page_id=209"},"modified":"2019-10-23T06:16:38","modified_gmt":"2019-10-23T06:16:38","slug":"seminare","status":"publish","type":"page","link":"https:\/\/gitarrenkultur.de\/?page_id=209","title":{"rendered":"Seminare"},"content":{"rendered":"\n<h2 class=\"wp-block-heading\">Seminare<\/h2>\n\n\n\n<p>Unser Verein f\u00fchrt in unregelm\u00e4\u00dfigen Abst\u00e4nden mehrmals im Jahr Hausseminare in R\u00fcscheid durch. Hier erhalten Sie Informationen zu geplanten Veranstaltungen.<\/p>\n\n\n\n<h6 class=\"wp-block-heading\" style=\"text-align:center\">DERZEIT SIND KEINE VERANSTALTUNGEN MEHR F\u00dcR DIESES JAHR GEPLANT<\/h6>\n\n\n\n<h1 class=\"wp-block-heading\">Kontakt &amp; Anmeldung:<\/h1>\n\n\n\n<p>Weitere Infos :<br>\nBeatrice Borm-B\u00fcrgstein Tel.: 02639\/1244 &amp; 0175\/3680782<\/p>\n","protected":false},"excerpt":{"rendered":"<p>Seminare Unser Verein f\u00fchrt in unregelm\u00e4\u00dfigen Abst\u00e4nden mehrmals im Jahr Hausseminare in R\u00fcscheid durch. Hier erhalten Sie Informationen zu geplanten Veranstaltungen. DERZEIT SIND KEINE VERANSTALTUNGEN MEHR F\u00dcR DIESES JAHR GEPLANT Kontakt &amp; Anmeldung: Weitere Infos : Beatrice Borm-B\u00fcrgstein Tel.: 02639\/1244 &amp; 0175\/3680782<\/p>\n","protected":false},"author":1,"featured_media":0,"parent":0,"menu_order":0,"comment_status":"closed","ping_status":"closed","template":"","meta":{"footnotes":""},"class_list":["post-209","page","type-page","status-publish","hentry"],"_links":{"self":[{"href":"https:\/\/gitarrenkultur.de\/index.php?rest_route=\/wp\/v2\/pages\/209","targetHints":{"allow":["GET"]}}],"collection":[{"href":"https:\/\/gitarrenkultur.de\/index.php?rest_route=\/wp\/v2\/pages"}],"about":[{"href":"https:\/\/gitarrenkultur.de\/index.php?rest_route=\/wp\/v2\/types\/page"}],"author":[{"embeddable":true,"href":"https:\/\/gitarrenkultur.de\/index.php?rest_route=\/wp\/v2\/users\/1"}],"replies":[{"embeddable":true,"href":"https:\/\/gitarrenkultur.de\/index.php?rest_route=%2Fwp%2Fv2%2Fcomments&post=209"}],"version-history":[{"count":2,"href":"https:\/\/gitarrenkultur.de\/index.php?rest_route=\/wp\/v2\/pages\/209\/revisions"}],"predecessor-version":[{"id":214,"href":"https:\/\/gitarrenkultur.de\/index.php?rest_route=\/wp\/v2\/pages\/209\/revisions\/214"}],"wp:attachment":[{"href":"https:\/\/gitarrenkultur.de\/index.php?rest_route=%2Fwp%2Fv2%2Fmedia&parent=209"}],"curies":[{"name":"wp","href":"https:\/\/api.w.org\/{rel}","templated":true}]}}