{"id":165,"date":"2019-10-22T11:41:01","date_gmt":"2019-10-22T11:41:01","guid":{"rendered":"http:\/\/gitarrenkultur.de\/?page_id=165"},"modified":"2024-11-17T17:29:07","modified_gmt":"2024-11-17T16:29:07","slug":"klassische-gitarre","status":"publish","type":"page","link":"https:\/\/gitarrenkultur.de\/?page_id=165","title":{"rendered":"klassische Gitarre"},"content":{"rendered":"\n<h1 class=\"wp-block-heading\">Folgendes Angebot gibt es f\u00fcr Interessierte der klassischen Gitarre:<\/h1>\n\n\n\n<p>Aufgund der Coronapandemie k\u00f6nnen nicht alle u.g. Angebote stattfinden. Wir hoffen, dass dies im Jahr 2022 wieder m\u00f6glich ist.<\/p>\n\n\n\n<p>Am <strong>Meisterkurs mit Prof. Carlo Marchione<\/strong> k\u00f6nnen Gitarrenlehrer, Studenten und Teilnehmer von Jugend Musiziert teilnehmen. Dieser Meisterkurs wird als Forumsunterricht gestaltet und jeder, der Interesse hat, kann in den Unterrichtsraum kommen, zusehen und zuh\u00f6ren und so vielleicht noch etwas lernen.<\/p>\n\n\n\n<p>Jedem klassischen Gitarristen, der nicht am Meisterkurs teilnimmt, stehen <strong>zwei mal 30 Minuten Einzelunterricht<\/strong> bei einem Dozenten nach Wahl zu. Dieser Einzelunterricht kann auch mit mehreren Teilnehmern als Gruppenunterricht genommen werden.<\/p>\n\n\n\n<p>Jedes Jahr wird ein <strong>klassisches Gitarrenorchester <\/strong>angeboten. Gemeinsam erarbeiten hier Anf\u00e4nger und Fortgeschrittene unter der Leitung eines Dozenten, die im Abschlusskonzert vorgetragen werden. In jedem Jahr sind wir immer aufs Neue \u00fcberrascht, welche beeindruckende Musik den St\u00fccken und Teilnehmern entlockt wird.<\/p>\n\n\n\n<p>Au\u00dferdem werden verschiedene <strong>Ensembles<\/strong> angeboten. Auch hier ist f\u00fcr jeden Geschmack und f\u00fcr jeden Spieler, egal wie lange er schon spielt, etwas sch\u00f6nes dabei.<\/p>\n\n\n<div class=\"wp-block-image\">\n<figure class=\"aligncenter size-large is-resized\"><img loading=\"lazy\" decoding=\"async\" width=\"1024\" height=\"693\" src=\"https:\/\/gitarrenkultur.de\/wp-content\/uploads\/2023\/08\/P1030098-Kopie-1024x693.jpg\" alt=\"\" class=\"wp-image-796\" style=\"width:623px;height:422px\" srcset=\"https:\/\/gitarrenkultur.de\/wp-content\/uploads\/2023\/08\/P1030098-Kopie-1024x693.jpg 1024w, https:\/\/gitarrenkultur.de\/wp-content\/uploads\/2023\/08\/P1030098-Kopie-300x203.jpg 300w, https:\/\/gitarrenkultur.de\/wp-content\/uploads\/2023\/08\/P1030098-Kopie-768x520.jpg 768w, https:\/\/gitarrenkultur.de\/wp-content\/uploads\/2023\/08\/P1030098-Kopie-1536x1040.jpg 1536w, https:\/\/gitarrenkultur.de\/wp-content\/uploads\/2023\/08\/P1030098-Kopie-2048x1386.jpg 2048w, https:\/\/gitarrenkultur.de\/wp-content\/uploads\/2023\/08\/P1030098-Kopie-624x422.jpg 624w\" sizes=\"auto, (max-width: 1024px) 100vw, 1024px\" \/><\/figure>\n<\/div>\n\n\n<p><\/p>\n\n\n\n<p>F\u00fcr die j\u00fcngeren Teilnehmer unter 18 Jahren bieten wir eine Gruppe mit dem Namen <strong>U18<\/strong> mit Vicente Mozos del Campo an.<br>Hier werden f\u00fcr diese Altersgruppe ansprechende St\u00fccke z.B. auch aus der Popmusik erarbeitet.<\/p>\n\n\n\n<p>Leon Frijns bietet in seinen Einzelunterrichtsstunden Hilfestellung bei Fragen zur <strong>Carlevaro- und Alexandertechnik<\/strong>.<br>\nDie Carlevaro-Technik ist nach ihrem Begr\u00fcnder Abel Carlevaro (1917-2001), Gitarrist und Komponist aus Uruguay, benannt. In dem Buch &#8222;Escuela de la Guitarra&#8220; (&#8222;Schule der Gitarre&#8220;) beschreibt er seine Ideen \u00fcber die Gitarrentechnik im Dienste der Musik als &#8222;\u2026eine umfassend konzipierte Theorie des Instrumentes Gitarre \u2026 Sein logisch strukturiertes Konzept bezieht den ganzen K\u00f6rper mit ein und beruht auf seiner durch Beobachtung der nat\u00fcrlichen Bewegungsabl\u00e4ufe gewonnenen Erfahrungen&#8220; (Zitat as dem Vorwort des \u00dcbersetzers R. Scherping).<br>\nDie Alexandertechnik ist nach ihrem Begr\u00fcnder Frederick Matthias Alexander (1869-1955) benannt, einem australischen Tezitator und Schauspieler, der seine Methode um die Jahrhundertwende entwickelte und sie nach Europa und Amerika brachte. Diese Selbsthilfemethode wirkt ganzheitlich nach dem Prinzip, dass ein besserer Selbst-Gebrauch zu einem besseren Funktionieren f\u00fchrt, sowohl auf k\u00f6rperlicher als auch auf emotionaler und mentaler Ebene. Es ist f\u00fcr viele Diszipline zu einer Art Basistechnik geworden und wird somit u.a. von Schauspielern, Musikern und T\u00e4nzern sehr gesch\u00e4tzt.<\/p>\n\n\n\n<p>In jedem Jahr gibt es einen <strong>Fachvortrag<\/strong>.<\/p>\n\n\n\n<p><\/p>\n\n\n\n<p>Eine weiteres Kursangebot ist die <strong>Bodypercussiongruppe <\/strong>mit Jeannette Mozos del Campo. Hier wird mal mit und mal ohne instrumentaler Begleitung der K\u00f6rper als Musik- und Rhythmusinstrument genutzt. Es wird geklatscht, getrommelt, gestampft, geh\u00fcpft, gesungen uvm. In jedem Jahr haben die Teilnehmer sehr viel Freude dabei.<\/p>\n\n\n\n<p>An drei Abenden finden <strong>Konzerte<\/strong> statt. Die Konzerte am Mittwoch und Donnerstag finden im Seminarhaus, das Konzert am Freitag in der nahegelegenen Lukaskirche in Vallendar statt. Der Eintritt zu den Konzerten ist f\u00fcr Teilnehmer nat\u00fcrlich kostenlos.<\/p>\n\n\n<div class=\"wp-block-image\">\n<figure class=\"aligncenter size-large is-resized\"><img loading=\"lazy\" decoding=\"async\" width=\"741\" height=\"1024\" src=\"https:\/\/gitarrenkultur.de\/wp-content\/uploads\/2023\/08\/P1030105-741x1024.jpg\" alt=\"\" class=\"wp-image-799\" style=\"width:458px;height:633px\" srcset=\"https:\/\/gitarrenkultur.de\/wp-content\/uploads\/2023\/08\/P1030105-741x1024.jpg 741w, https:\/\/gitarrenkultur.de\/wp-content\/uploads\/2023\/08\/P1030105-217x300.jpg 217w, https:\/\/gitarrenkultur.de\/wp-content\/uploads\/2023\/08\/P1030105-768x1062.jpg 768w, https:\/\/gitarrenkultur.de\/wp-content\/uploads\/2023\/08\/P1030105-1111x1536.jpg 1111w, https:\/\/gitarrenkultur.de\/wp-content\/uploads\/2023\/08\/P1030105-1482x2048.jpg 1482w, https:\/\/gitarrenkultur.de\/wp-content\/uploads\/2023\/08\/P1030105-624x863.jpg 624w, https:\/\/gitarrenkultur.de\/wp-content\/uploads\/2023\/08\/P1030105-scaled.jpg 1852w\" sizes=\"auto, (max-width: 741px) 100vw, 741px\" \/><\/figure>\n<\/div>\n\n\n<p>Was wird noch geboten?<br>Jedes Jahr gibt es <strong>Schnupperkurse <\/strong>f\u00fcr Interessierte an E-Gitarre, Ukulele und Mandoline. Es besteht die M\u00f6glichkeit, sie f\u00fcr diesen Kurs ein Instrument auszuleihen.<\/p>\n\n\n\n<p>Jedes Jahr kommt eine<strong> Notenausstellung <\/strong>zu uns. Hier kann man nach Herzenslust st\u00f6bern. Auch verschiedene Gitarrenbauer werden ihre Instrumente in der <strong>Instrumentenausstellung<\/strong> pr\u00e4sentieren.<\/p>\n\n\n\n<p>Unser Kurs besteht nicht nur aus Arbeit. Es gibt viel M\u00f6glichkeiten am <strong>Austausch, Begegnen, f\u00fcr Spa\u00df und Musik<\/strong>. Sei es bei den gemeisamen Mahlzeiten, dem Tischkicker oder der gem\u00fctlichen Runde am Abend auf dem Marktplatz im Seminarhaus.<\/p>\n","protected":false},"excerpt":{"rendered":"<p>Folgendes Angebot gibt es f\u00fcr Interessierte der klassischen Gitarre: Aufgund der Coronapandemie k\u00f6nnen nicht alle u.g. Angebote stattfinden. Wir hoffen, dass dies im Jahr 2022 wieder m\u00f6glich ist. Am Meisterkurs mit Prof. Carlo Marchione k\u00f6nnen Gitarrenlehrer, Studenten und Teilnehmer von Jugend Musiziert teilnehmen. Dieser Meisterkurs wird als Forumsunterricht gestaltet und jeder, der Interesse hat, kann [&hellip;]<\/p>\n","protected":false},"author":1,"featured_media":0,"parent":116,"menu_order":4,"comment_status":"closed","ping_status":"closed","template":"","meta":{"footnotes":""},"class_list":["post-165","page","type-page","status-publish","hentry"],"_links":{"self":[{"href":"https:\/\/gitarrenkultur.de\/index.php?rest_route=\/wp\/v2\/pages\/165","targetHints":{"allow":["GET"]}}],"collection":[{"href":"https:\/\/gitarrenkultur.de\/index.php?rest_route=\/wp\/v2\/pages"}],"about":[{"href":"https:\/\/gitarrenkultur.de\/index.php?rest_route=\/wp\/v2\/types\/page"}],"author":[{"embeddable":true,"href":"https:\/\/gitarrenkultur.de\/index.php?rest_route=\/wp\/v2\/users\/1"}],"replies":[{"embeddable":true,"href":"https:\/\/gitarrenkultur.de\/index.php?rest_route=%2Fwp%2Fv2%2Fcomments&post=165"}],"version-history":[{"count":9,"href":"https:\/\/gitarrenkultur.de\/index.php?rest_route=\/wp\/v2\/pages\/165\/revisions"}],"predecessor-version":[{"id":966,"href":"https:\/\/gitarrenkultur.de\/index.php?rest_route=\/wp\/v2\/pages\/165\/revisions\/966"}],"up":[{"embeddable":true,"href":"https:\/\/gitarrenkultur.de\/index.php?rest_route=\/wp\/v2\/pages\/116"}],"wp:attachment":[{"href":"https:\/\/gitarrenkultur.de\/index.php?rest_route=%2Fwp%2Fv2%2Fmedia&parent=165"}],"curies":[{"name":"wp","href":"https:\/\/api.w.org\/{rel}","templated":true}]}}