{"id":133,"date":"2019-10-22T09:59:22","date_gmt":"2019-10-22T09:59:22","guid":{"rendered":"http:\/\/gitarrenkultur.de\/?page_id=133"},"modified":"2023-08-30T20:10:48","modified_gmt":"2023-08-30T18:10:48","slug":"kursablauf","status":"publish","type":"page","link":"https:\/\/gitarrenkultur.de\/?page_id=133","title":{"rendered":"Kursablauf"},"content":{"rendered":"\n<h1 class=\"wp-block-heading\">Wie laufen die Gitarrentage in Vallendar ab?<\/h1>\n\n\n\n<p>Hier sind einige Informationen f\u00fcr alle Erstteilnehmer der Gitarrentage und alle anderen Interessierten.<\/p>\n\n\n\n<p>Nach einer schriftlichen Anmeldung oder Onlineanmeldung ist man nach einer \u00dcberweisung von 100 Euro zu den Gitarrentagen in Vallendar angemeldet. Wer sich fr\u00fchzeitig anmeldet, profitiert doppelt. Er spart 20 Euro und hat zudem eine relativ freie Auswahl bei der Vergabe der Einzelunterrichtseinheiten.<\/p>\n\n\n\n<p>Die Anreise zum Kurs ist per Auto oder Zug m\u00f6glich. Am Haus befinden sich ausreichend kostenlose Parkpl\u00e4tze. Bahnreisende werden gerne von uns am Bahnhof in Vallendar oder Koblenz abgeholt.<\/p>\n\n\n\n<p>Nach der Ankunft im Jugendzentrum ist gen\u00fcgend Zeit, sich in seinem Zimmer einzurichten. Das Seminarhaus besteht aus 4-Bett-Zimmern. Auf Anfrage gibt es auch externe Einzelzimmer. Um 18:00 Uhr beginnen wir mit einem gemeinsamen Abendessen. Sp\u00e4ter am Abend gibt es ein Konzert im Seminarhaus.<br>Der restliche Abend dient dem gemeinsamen kennenlernen und dem gem\u00fctlichen Beisammensein.<\/p>\n\n\n\n<p>Am Donnerstagmorgen gibt es nach dem reichhaltigen Fr\u00fchst\u00fcck eine offizielle Begr\u00fc\u00dfungsrunde der Teilnehmer und Dozenten und es werden noch einige kurze Informationen gegeben.<\/p>\n\n\n\n<p>Nun beginnt der musikalische Teil des Kurses.<\/p>\n\n\n\n<p>Jeder Teilnehmer bekommt im Voraus einen Stundenplan und Noten geschickt und kann sich so individuell seinen Kurs zusammenstellen.<br>Am Donnerstag und Freitag gibt es im Seminargeb\u00e4ude bzw. in der im Ort gelegenen Lukaskirche Konzerte, zu denen die Kursteilnehmer kostenlosen Eintritt haben.<\/p>\n\n\n<div class=\"wp-block-image\">\n<figure class=\"aligncenter is-resized\"><img loading=\"lazy\" decoding=\"async\" src=\"https:\/\/gitarrenkultur.de\/wp-content\/uploads\/2019\/10\/IMG_4792-1024x683.jpg\" alt=\"\" class=\"wp-image-134\" style=\"width:823px;height:549px\" width=\"823\" height=\"549\" srcset=\"https:\/\/gitarrenkultur.de\/wp-content\/uploads\/2019\/10\/IMG_4792-1024x683.jpg 1024w, https:\/\/gitarrenkultur.de\/wp-content\/uploads\/2019\/10\/IMG_4792-300x200.jpg 300w, https:\/\/gitarrenkultur.de\/wp-content\/uploads\/2019\/10\/IMG_4792-768x512.jpg 768w, https:\/\/gitarrenkultur.de\/wp-content\/uploads\/2019\/10\/IMG_4792-624x416.jpg 624w\" sizes=\"auto, (max-width: 823px) 100vw, 823px\" \/><\/figure>\n<\/div>\n\n\n<p>Im Anschluss an die Konzerte gibt es auf dem &#8222;Marktplatz&#8220; im Seminarhaus ein gem\u00fctliches Zusammensein. Es wird geredet, frei musiziert, gesungen, Tischkicker gespielt und gelacht bis in die Morgenstunden.<\/p>\n\n\n\n<p>Hier ist ein Beispiel f\u00fcr einen individuellen Tagesablauf:<\/p>\n\n\n\n<p>8:00 Uhr      gemeinsames Fr\u00fchst\u00fcck<br>9:00 Uhr      30 Minuten Einzelunterricht bei einem der Dozenten<br>10:00 Uhr    Orchester oder E-Band<br>12:00 Uhr    gemeinsames Mittagessen<br>13:00 Uhr    Bodypercussion<br>14:30 Uhr    Fachvortrag<br> 15:00 Uhr    Kaffeepause<br> 16:00 Uhr    K\u00f6rper und Bewegung<br> 16:30 Uhr    Ensemble<br> 18:00 Uhr    gemeinsames Abendessen<br> 20:00 Uhr    Konzertbesuch<\/p>\n\n\n\n<p>In den &#8222;Pausen&#8220; hat man die M\u00f6glichkeit f\u00fcr einen Austausch mit den Kursteilnehmen oder Dozenten, das Musizieren mit anderen, den Besuch der Noten- oder Instrumentenausstellung oder das \u00dcben.<\/p>\n\n\n\n<p>Das Jugendzentrum Marienberg liegt hoch oben \u00fcber Vallendar. Hier hat man die Chance, in den Pausen die Natur zu genie\u00dfen oder den Ausblick \u00fcber den Rhein. Im Haus gibt es kostenlosen WLAN Zugang. Die j\u00fcngeren Kursteilnehmer freuen sich auch \u00fcber die zum Haus geh\u00f6rende Turnhalle und den Tischkicker. <\/p>\n\n\n\n<p>Am letzten Abend gibt es eine Kursteilnehmerkonzert und im Anschluss eine Abschlussparty mit Lagerfeuer und Stockbrot und viel Spa\u00df und Musik.<br>Am Sonntag Vormittag finden die Generalproben f\u00fcr das Abschlusskonzert der Kursteilnehmer statt. W\u00e4hrend des Kurses hat jeder Teilnehmer die M\u00f6glichkeit mit den Dozenten an St\u00fccken zu arbeiten. Diese d\u00fcrfen gerne im Kursteilnehmerkonzert bzw. Abschlusskonzert vorgetragen werden. Au\u00dferdem werden die Ergebnisse aus Orchester- und Ensemblearbeit vorgetragen.<\/p>\n\n\n\n<figure class=\"wp-block-image size-large is-resized\"><img loading=\"lazy\" decoding=\"async\" src=\"https:\/\/gitarrenkultur.de\/wp-content\/uploads\/2023\/08\/P1030249-1024x769.jpg\" alt=\"\" class=\"wp-image-782\" style=\"width:531px;height:398px\" width=\"531\" height=\"398\" srcset=\"https:\/\/gitarrenkultur.de\/wp-content\/uploads\/2023\/08\/P1030249-1024x769.jpg 1024w, https:\/\/gitarrenkultur.de\/wp-content\/uploads\/2023\/08\/P1030249-300x225.jpg 300w, https:\/\/gitarrenkultur.de\/wp-content\/uploads\/2023\/08\/P1030249-768x577.jpg 768w, https:\/\/gitarrenkultur.de\/wp-content\/uploads\/2023\/08\/P1030249-1536x1153.jpg 1536w, https:\/\/gitarrenkultur.de\/wp-content\/uploads\/2023\/08\/P1030249-2048x1538.jpg 2048w, https:\/\/gitarrenkultur.de\/wp-content\/uploads\/2023\/08\/P1030249-624x469.jpg 624w\" sizes=\"auto, (max-width: 531px) 100vw, 531px\" \/><\/figure>\n\n\n\n<p>Zum Abschluss gibt es noch einmal Kaffee und Kuchen. Anschlie\u00dfend erfolgt ab ca. 17:00 Uhr die Abreise.<\/p>\n\n\n\n<p>Das sagen Teilnehmer und Dozenten nach den letzten Gitarrentagen:<\/p>\n\n\n\n<p>Ein Meisterkonzert und viel Meisterliches\n<em>Leserbrief von Prof. Leonhard Beck<\/em><\/p>\n\n\n\n<p>Zu Besuch bei den Gitarrentagen Vallendar 2016, 25.-29.5<\/p>\n\n\n\n<p>Leider konnte ich erst ab Freitag, den 27.5. dabei sein und daher das Auftaktkonzert von Roberto Moya nicht erleben, was ich sehr bedaure.<br>\nAnsonsten war Beas \u201eGro\u00dffamilie\u201c rundherum die Reise bzw. das Dabeisein wert.<br>\nFreude und Vergn\u00fcgen machte es mir, Trios und Quartette von Maria Linnemann unter ihrer Leitung in erweitertem Spielkreis mitzuspielen.<br>\nEin Genuss war das Dirigat des gro\u00dfen Zupforchesters durch Finn Svit.<br>\nDas anspruchsvolle Meisterkonzert von Prof. Carlo Marchione mit Werken von Ferdinand Rebay, Luis Zea, Mauro Giuliani und Zugaben von F. Sor und Francesco Molino lies alle Zuh\u00f6rer  begeistert und dankbar applaudieren.<br>\nAlle Dozenten zeigten sich als K\u00f6nner und einf\u00fchlsame Lehrer, erfahren und hilfsbereit.<br>\nWer sch\u00f6ne Tage erleben will in Freude an den vielen Gesichtern der Gitarre, frei von einer Hackordnung, der wird auch in diesem Jahr vom 24.-28. Mai voll auf seine Kosten kommen.<br>\nAuch Meistersch\u00fcler haben in diesem Jahr erstmals die M\u00f6glichkeit, bei den Gitarrentagen bei drei Professoren unterrichtet zu werden und in guter Atmosph\u00e4re zu lernen.<br>\n<em>Leonhard Beck<\/em>, 14.3.17<\/p>\n\n\n\n<p>&#8222;Sehr sch\u00f6n war es wieder! Super nette Menschen, ein Haufen Musik, Spa\u00df, Kicker, Hallenfu\u00dfball<br>\nund zu viel Kuchen. Es kam wie es kommen musste: Der Musikvirus hat alle gekriegt &#8211; einfach HAMMER&#8220; Achim Reschke<\/p>\n\n\n\n<p>&#8222;\u2026vielen Dank f\u00fcr die sehr sch\u00f6nen Seminartage\u2026&#8220; Finn Svit<\/p>\n\n\n\n<p>&#8222;Und wieder sind die wunderbaren, unvergesslichen Vallendar Gitarrentage vorbei. Great thanks to you all! Die Vorfreude auf das Wiedersehen in 2013 ist gro\u00df.&#8220; Maria Linnemann<\/p>\n\n\n\n<p>&#8222;Es ist kaum zu glauben, aber wahr<br>\ndie Gitarrentage Vallendar<br>\nwaren wie jedes Jahr wunderbar.<br>\nZwar fehlte dieses Jahr die gro\u00dfe Affenhitze,<br>\ndoch Fritzens einzigartige Witze<br>\nlie\u00dfen uns gemeinsam viel lache,<br>\nmit viel Energie arbeite und schwitze<br>\nund mit viel Spa\u00df zusamme supergeniale Musik mache.&#8220; Martin D.<\/p>\n","protected":false},"excerpt":{"rendered":"<p>Wie laufen die Gitarrentage in Vallendar ab? Hier sind einige Informationen f\u00fcr alle Erstteilnehmer der Gitarrentage und alle anderen Interessierten. Nach einer schriftlichen Anmeldung oder Onlineanmeldung ist man nach einer \u00dcberweisung von 100 Euro zu den Gitarrentagen in Vallendar angemeldet. Wer sich fr\u00fchzeitig anmeldet, profitiert doppelt. Er spart 20 Euro und hat zudem eine relativ [&hellip;]<\/p>\n","protected":false},"author":1,"featured_media":0,"parent":116,"menu_order":1,"comment_status":"closed","ping_status":"closed","template":"","meta":{"footnotes":""},"class_list":["post-133","page","type-page","status-publish","hentry"],"_links":{"self":[{"href":"https:\/\/gitarrenkultur.de\/index.php?rest_route=\/wp\/v2\/pages\/133","targetHints":{"allow":["GET"]}}],"collection":[{"href":"https:\/\/gitarrenkultur.de\/index.php?rest_route=\/wp\/v2\/pages"}],"about":[{"href":"https:\/\/gitarrenkultur.de\/index.php?rest_route=\/wp\/v2\/types\/page"}],"author":[{"embeddable":true,"href":"https:\/\/gitarrenkultur.de\/index.php?rest_route=\/wp\/v2\/users\/1"}],"replies":[{"embeddable":true,"href":"https:\/\/gitarrenkultur.de\/index.php?rest_route=%2Fwp%2Fv2%2Fcomments&post=133"}],"version-history":[{"count":9,"href":"https:\/\/gitarrenkultur.de\/index.php?rest_route=\/wp\/v2\/pages\/133\/revisions"}],"predecessor-version":[{"id":788,"href":"https:\/\/gitarrenkultur.de\/index.php?rest_route=\/wp\/v2\/pages\/133\/revisions\/788"}],"up":[{"embeddable":true,"href":"https:\/\/gitarrenkultur.de\/index.php?rest_route=\/wp\/v2\/pages\/116"}],"wp:attachment":[{"href":"https:\/\/gitarrenkultur.de\/index.php?rest_route=%2Fwp%2Fv2%2Fmedia&parent=133"}],"curies":[{"name":"wp","href":"https:\/\/api.w.org\/{rel}","templated":true}]}}