{"id":104,"date":"2019-10-22T09:05:53","date_gmt":"2019-10-22T09:05:53","guid":{"rendered":"http:\/\/gitarrenkultur.de\/?page_id=104"},"modified":"2019-10-22T09:05:53","modified_gmt":"2019-10-22T09:05:53","slug":"satzung","status":"publish","type":"page","link":"https:\/\/gitarrenkultur.de\/?page_id=104","title":{"rendered":"Satzung"},"content":{"rendered":"\n<h1 class=\"wp-block-heading\">Satzung<\/h1>\n\n\n\n<h2 class=\"wp-block-heading\">\u00a7 1 Name und Sitz:<\/h2>\n\n\n\n<p>Der Verein f\u00fchrt den Namen \u2013 F\u00f6rderverein Gitarrenkultur  e.V. &#8212; Der Verein hat seinen Sitz in R\u00fcscheid (Westerwald) in  Rheinland Pfalz Offizielle Website des Vereins ist <a href=\"http:\/\/www.gitarrenkultur.de\">www.gitarrenkultur.de<\/a><\/p>\n\n\n\n<h2 class=\"wp-block-heading\">\u00a7 2 Ziele des Vereins:<\/h2>\n\n\n\n<p>Der Verein verfolgt ausschlie\u00dflich und unmittelbar gemeinn\u00fctzige Zwecke im Sinne der \u201esteuerbeg\u00fcnstigten Zwecke&#8220; der Abgabe<\/p>\n\n\n\n<p>Die Ziele verfolgt der Verein durch folgende Aktivit\u00e4ten:<\/p>\n\n\n\n<p>a)     F\u00f6rderung kultureller Veranstaltungen in den Bereichen, Klassik, Jazz, Rock. Blues, Folklore, E- und U-Musik, sowie experimenteller und neuer Musikbereiche.<\/p>\n\n\n\n<p>b)    F\u00f6rderung von talentierten Nachwuchsk\u00fcnstlern, vornehmlich aus der Region.<\/p>\n\n\n\n<p>c)     F\u00f6rderung der regionalen und \u00fcberregionalen Kultur- und Musik-Szene.<\/p>\n\n\n\n<p>d)    F\u00f6rderung spezieller kultureller Veranstaltungen f\u00fcr Kinder und Jugendliche mit verg\u00fcnstigten Eintrittspreisen.<\/p>\n\n\n\n<p>e)     F\u00f6rderung des Austauschs von K\u00fcnstlern des In- und Auslandes<\/p>\n\n\n\n<p>Der Verein ist selbstlos t\u00e4tig, er verfolgt keine eigenwirtschaftlichen Zwecke.<\/p>\n\n\n\n<p>Die Mittel des Vereins d\u00fcrfen nur f\u00fcr die in der Satzung aufgef\u00fchrten Zwecke verwendet werden. Die Mitglieder erhalten keine Gewinnanteile oder sonstige Zuwendungen. Es darf keine Person durch Ausgaben, die dem Zwecke des Vereins fremd sind oder durch unverh\u00e4ltnism\u00e4\u00dfig hohe Verg\u00fctungen beg\u00fcnstigt werden. Der Verein darf Mittel weder f\u00fcr mittelbare noch f\u00fcr unmittelbare Unterst\u00fctzung oder F\u00f6rderung politischer Parteien verwenden. Alle Inhaber von Vereins\u00e4mtern sind ehrenamtlich t\u00e4tig. Jeder Beschluss \u00fcber die \u00c4nderung der Satzung ist vor dessen Anmeldung beim Registergericht dem zust\u00e4ndigen Finanzamt vorzulegen.<\/p>\n\n\n\n<h2 class=\"wp-block-heading\">\u00a7 3 Mitgliedschaft<\/h2>\n\n\n\n<p>Mitglieder k\u00f6nnen nat\u00fcrliche oder juristische Personen werden. Von der Aufnahme ausgeschlossen sind Personen, die sich nicht im Besitz de b\u00fcrgerlichen Ehrenrechte befinden. Der Antrag auf Beitritt kann nur schriftlich erkl\u00e4rt werden.<\/p>\n\n\n\n<h2 class=\"wp-block-heading\">\u00a7 4 Beendigung der Mitgliedschaft<\/h2>\n\n\n\n<ol class=\"wp-block-list\"><li>Die Mitgliedschaft endet<\/li><\/ol>\n\n\n\n<p>a)     mit dem Tod oder durch Austritt des Mitglieds<\/p>\n\n\n\n<p>b)    durch Aufl\u00f6sung des Vereins<\/p>\n\n\n\n<p>c)     durch Ausschluss aus dem Verein<\/p>\n\n\n\n<ol class=\"wp-block-list\"><li>Der Austritt erfolgt durch schriftliche Erkl\u00e4rung gegen\u00fcber einem Mitglied des Vorstandes. Er ist zum 1.6. eines Jahres unter Einhaltung der K\u00fcndigungsfrist von drei Monaten zul\u00e4ssig.<\/li><li>Der Ausschluss erfolgt durch den Vorstand, wenn<\/li><\/ol>\n\n\n\n<p>a)     ein wichtiger Grund vorliegt, insbesondere wenn ein Mitglied gegen die Satzung verst\u00f6\u00dft oder den Zwecken des Vereins zuwiderhandelt.<\/p>\n\n\n\n<p>b)    ein Mitglied seinen finanziellen Verpflichtungen gegen\u00fcber dem Verein trotz Abmahnung mit dem Hinweis auf die Ausschlie\u00dfungsm\u00f6glichkeit nicht nachkommt.<\/p>\n\n\n\n<ol class=\"wp-block-list\"><li>Bei einem Ausschluss wird wie folgt verfahren:<\/li><\/ol>\n\n\n\n<p>a)     vor der Beschlussfassung hat der Vorstand dem Mitglied die M\u00f6glichkeit zur Anh\u00f6rung zu geben<\/p>\n\n\n\n<p>b)    Der Vorstand entscheidet \u00fcber diesen Einspruch binnen eines Monats<\/p>\n\n\n\n<h1 class=\"wp-block-heading\">\u00a7 5 Beitrag<\/h1>\n\n\n\n<p>Die Mitglieder des Vereins zahlen Beitr\u00e4ge. Zahlungsmodus und Betrag werden von der Mitgliederversammlung festgesetzt.<\/p>\n\n\n\n<h1 class=\"wp-block-heading\">\u00a7 6 Organe<\/h1>\n\n\n\n<p>Organe des Vereins sind<\/p>\n\n\n\n<p>a) Mitgliederversammlung<\/p>\n\n\n\n<p>b) Vorstand.<\/p>\n\n\n\n<h1 class=\"wp-block-heading\">\u00a7 7 Mitgliederversammlung<\/h1>\n\n\n\n<ol class=\"wp-block-list\"><li>Die Mitgliederversammlung ist oberstes Organ des Vereins.  Sie tritt j\u00e4hrlich mindestens einmal zusammen. Sie beschlie\u00dft \u00fcber die Beitr\u00e4ge, Entlastung des Vorstands, die Wahl des Vorstands und \u00fcber Satzungs\u00e4nderungen.<\/li><li>Die Einberufung der Mitgliederversammlung erfolgt schriftlich unter Wahrung einer Frist<em> v<\/em>on vier Wochen und Bekanntgabe der Tagesordnung durch den Vorstand.<\/li><\/ol>\n\n\n\n<p>Antr\u00e4ge der Mitglieder zur Tagesordnung m\u00fcssen schriftlich mindestens zwei Wochen vorher dem Vorsitzenden vorliegen.<\/p>\n\n\n\n<ol class=\"wp-block-list\"><li>Eine au\u00dferordentliche Versammlung ist auf Verlangen von 50% der Mitglieder einzuberufen. Form und Frist der Einladung sowie Antr\u00e4ge zur Tagesordnung richten sich nach  Ziffer 2.<\/li><\/ol>\n\n\n\n<ol class=\"wp-block-list\"><li>Den Vorsitz in der Mitgliederversammlung f\u00fchrt der Vorsitzende des Vorstandes, sollte dieser verhindert sein f\u00fchrt sein Stellvertreter oder hilfsweise ein anderes Vorstandsmitglied die Mitgliederversammlung.<\/li><li>Die Mitgliederversammlung ist beschlussf\u00e4hig wenn sie ordnungsgem\u00e4\u00df einberufen wurde.<\/li><li>Die Beschl\u00fcsse werden mit einfacher Stimmenmehrheit der anwesenden stimmberechtigten Mitglieder gefasst.<\/li><\/ol>\n\n\n\n<p>Bei Stimmengleichheit gilt ein Antrag als abgelehnt. Auf Antrag wird geheim abgestimmt.<\/p>\n\n\n\n<ol class=\"wp-block-list\"><li>Die Mitgliederversamnmlung hat insbesondere folgende Aufgaben:<\/li><\/ol>\n\n\n\n<p>a)     Entgegennahme des Jahresberichts des Vorstandes<\/p>\n\n\n\n<p>b)    Entlastung des Vorstandes<\/p>\n\n\n\n<p>c)     Festsetzung der H\u00f6he des Jahresbeitrages<\/p>\n\n\n\n<p>d)    Wahl und Abberufung der Mitglieder des Vorstandes sowie der Rechnungspr\u00fcfer<\/p>\n\n\n\n<p>e)     \u00c4nderung der Satzung<\/p>\n\n\n\n<p>f)     Aufl\u00f6sung des Vereins<\/p>\n\n\n\n<ol class=\"wp-block-list\"><li>Die Satzung kann nur durch Beschluss von <em>2\/3 <\/em>der anwesenden stimmberechtigten Mitglieder ge\u00e4ndert werden.<\/li><li>Satzungs\u00e4nderungen, die von den daf\u00fcr zust\u00e4ndigen Beh\u00f6rden aus formalen oder steuerlichen Gr\u00fcnden verlangt werden, kann der Vorstand vornehmen.<\/li><\/ol>\n\n\n\n<h2 class=\"wp-block-heading\"> \u00a7 8 Vorstand<\/h2>\n\n\n\n<ol class=\"wp-block-list\"><li>Der Vorstand besteht aus:<\/li><\/ol>\n\n\n\n<p>a)     dem Vorsitzenden<\/p>\n\n\n\n<p>b)    dem stellvertretenden Vorsitzenden<\/p>\n\n\n\n<p>c)     dem Schatzmeister<\/p>\n\n\n\n<p>d)    dem Gesch\u00e4ftsf\u00fchrer<\/p>\n\n\n\n<p>e)     und bis zu drei weiteren Mitgliedern<\/p>\n\n\n\n<ol class=\"wp-block-list\"><li>Die Vorstandsmitglieder werden von der Mitgliederversammlung f\u00fcr jeweils 4 Jahre gew\u00e4hlt. DieWiederwahl ist zul\u00e4ssig.<\/li><li>Nach Ablauf der Wahlperiode bleiben die gew\u00e4hlten Vorstandsmitglieder bis zum Amtsantritt ihrer Nachfolger im Amt.<\/li><li>Vorstand im Sinne des \u00a726 des BGB sind der Vorsitzende, der stellvertretende Vorsitzende, der Schatzmeister sowie der Gesch\u00e4ftsf\u00fchrer. Jeder von Ihnen kann den Verein alleine vertreten.<\/li><li>Der Vorstand ist beschlussf\u00e4hig, wenn die Mehrheit seiner Mitglieder, darunter der Vorsitzende oder  sein Stellvertreter anwesend ist.\nEr beschlie\u00dft mit einfacher Stimmenmehrheit. Eine Abstimmung kann durch schriftliche Umfrage erfolgen, sofern kein Vorstandsmitglied diesem Verfahren widerspricht.<\/li><\/ol>\n\n\n\n<p>Bei Stimmengleichheit entscheidet der Vorsitzende.<\/p>\n\n\n\n<ol class=\"wp-block-list\"><li>Der Gesch\u00e4ftsf\u00fchrer hat seine T\u00e4tigkeit mit dem Vorstand abzustimmen.<\/li><li>Der Vorstand wird vom Vorsitzenden je nach Bedarf einberufen, jedoch mindestens einmal im Jahr.<\/li><li>Scheidet ein Vorstandsmitglied vor Ablauf seiner Wahlzeit aus, so ist der Vorstand berechtigt, sich selbst zu erg\u00e4nzen.\nAuf diese Weise gew\u00e4hlte Vorstandsmitglieder bleiben jedoch nur bis zur n\u00e4chsten Mitgliederversammlung im Amt. Die Mitgliederversammlung w\u00e4hlt dann ein Vorstandsmitglied f\u00fcr den Rest der Wahlzeit.<\/li><\/ol>\n\n\n\n<h2 class=\"wp-block-heading\">\u00a7 9 Rechnungslegung<\/h2>\n\n\n\n<p>Die Rechnungslegung erfolgt j\u00e4hrlich, sie ist durch 2 Pr\u00fcfer zu best\u00e4tigen<\/p>\n\n\n\n<h2 class=\"wp-block-heading\">\u00a7 10 Rechnungspr\u00fcfung<\/h2>\n\n\n\n<ol class=\"wp-block-list\"><li>Die Mitgliederversammlung w\u00e4hlt f\u00fcr 2 Gesch\u00e4ftsjahre zwei Rechnungspr\u00fcfer<\/li><li>Die Rechnungspr\u00fcfer haben die Rechnungslegung zu pr\u00fcfen und der Mitgliederversammlung hier\u00fcber zu berichten.<\/li><\/ol>\n\n\n\n<h2 class=\"wp-block-heading\">\u00a7 11 Niederschrift \u00fcber die Mitgliederversammlung<\/h2>\n\n\n\n<p>\u00dcber die Mitgliederversammlung ist eine vom Vorsitzenden oder seinem Stellvertreter zu unterzeichnende Niederschrift aufzunehmen. Der Protokollf\u00fchrer ist am Anfang der Mitgliederversammlung festzulegen.<\/p>\n\n\n\n<h2 class=\"wp-block-heading\">\u00a712 Aufl\u00f6sung des Vereins<\/h2>\n\n\n\n<p>Die Aufl\u00f6sung des Vereins kann nur durch eine besondere, speziell zu diesem Zweck beschlossene Mitgliederversammlung beschlossen werden.<\/p>\n\n\n\n<p>Diese ist beschlussf\u00e4hig, wenn mindestens 3\/4 aller Mitglieder vertreten sind.<\/p>\n\n\n\n<p>Im Falle einer Aufl\u00f6sung des Vereins f\u00e4llt das Verm\u00f6gen an den Verein:  <strong>bund deutscher zupfmusiker e.V.<\/strong>, mit der Auflage, dieses unmittelbar und ausschlie\u00dflich f\u00fcr gemeinn\u00fctzige oder mildt\u00e4tige Zwecke zu verwenden.<\/p>\n\n\n\n<p>Es folgen die Unterschriften der Gr\u00fcndungsmitglieder.<\/p>\n\n\n\n<p>ZUS\u00c4TZE und \u00c4NDERUNGEN:<\/p>\n\n\n\n<p>Lt. Protokoll vom 1.M\u00e4rz 2002<\/p>\n\n\n\n<p>Zus\u00e4tze<\/p>\n\n\n\n<p>Der Vereinszweck soll verwirklicht werden durch:<\/p>\n\n\n\n<p>Lehrg\u00e4nge, Fortbildungs- und andere Veranstaltungen f\u00fcr Laien und professionelle Musiker, insbesondere Gitarristen.<\/p>\n\n\n\n<ul class=\"wp-block-list\"><li>Konzerte mit jungen K\u00fcnstlern aus dem In- und Ausland als Beitrag zur Nachwuchsf\u00f6rderung.<\/li><li>Einladungen und Stipendien f\u00fcr die Teilnahme an den Veranstaltungen des F\u00f6rdervereins an Ausl\u00e4ndische Musikstudenten als Beitrag zur V\u00f6lkerverst\u00e4ndigung.<\/li><\/ul>\n\n\n\n<p>Erg\u00e4nzung der Mitgliederversammlung zu \u00a7 7.2<\/p>\n\n\n\n<p>Schriftlich unter Wahrung einer Frist von mindestens einer Woche.<\/p>\n\n\n\n<p>Dem Vorstand das Recht einger\u00e4umt, zuk\u00fcnftige \u00c4nderung in der Satzung, die vom Finanzamt oder dem Registergericht gefordert werden, ohne Einberufung der Mitglieder durchzuf\u00fchren.<\/p>\n\n\n\n<p>Die Eintragung in das Vereinsregister erfolgte am 18.M\u00e4rz 2002<\/p>\n\n\n\n<p>Lt. Protokoll vom 04. August 2012<\/p>\n\n\n\n<p>Folgende \u00c4nderungen werden vom Vorstand den Mitgliedern des Vereins vorgeschlagen:<\/p>\n\n\n\n<p>\u00c4nderung des Namens des Vereins von F\u00f6rderverein Gitarrenkultur Koblenz e.V.\u201c in  \u201eF\u00f6rderverein Gitarrenkultur e.V.\u201c<\/p>\n\n\n\n<p>\u00c4nderung des Vereinssitz von D-56068 Koblenz, Wei\u00dfer Gasse 5  nach<br>\nD-56586 R\u00fcscheid, Waldstr. 9<\/p>\n\n\n\n<p>Der Beirat und dessen Funktion wird aus der Satzung ersatzlos gestrichen.<\/p>\n\n\n\n<p>Diese \u00c4nderungsvorschl\u00e4ge werden der Mitgliederversammlung am 03.November 2012 in R\u00fcscheid zur Abstimmung vorgelegt.<\/p>\n","protected":false},"excerpt":{"rendered":"<p>Satzung \u00a7 1 Name und Sitz: Der Verein f\u00fchrt den Namen \u2013 F\u00f6rderverein Gitarrenkultur e.V. &#8212; Der Verein hat seinen Sitz in R\u00fcscheid (Westerwald) in Rheinland Pfalz Offizielle Website des Vereins ist www.gitarrenkultur.de \u00a7 2 Ziele des Vereins: Der Verein verfolgt ausschlie\u00dflich und unmittelbar gemeinn\u00fctzige Zwecke im Sinne der \u201esteuerbeg\u00fcnstigten Zwecke&#8220; der Abgabe Die Ziele [&hellip;]<\/p>\n","protected":false},"author":1,"featured_media":0,"parent":81,"menu_order":1,"comment_status":"closed","ping_status":"closed","template":"","meta":{"footnotes":""},"class_list":["post-104","page","type-page","status-publish","hentry"],"_links":{"self":[{"href":"https:\/\/gitarrenkultur.de\/index.php?rest_route=\/wp\/v2\/pages\/104","targetHints":{"allow":["GET"]}}],"collection":[{"href":"https:\/\/gitarrenkultur.de\/index.php?rest_route=\/wp\/v2\/pages"}],"about":[{"href":"https:\/\/gitarrenkultur.de\/index.php?rest_route=\/wp\/v2\/types\/page"}],"author":[{"embeddable":true,"href":"https:\/\/gitarrenkultur.de\/index.php?rest_route=\/wp\/v2\/users\/1"}],"replies":[{"embeddable":true,"href":"https:\/\/gitarrenkultur.de\/index.php?rest_route=%2Fwp%2Fv2%2Fcomments&post=104"}],"version-history":[{"count":1,"href":"https:\/\/gitarrenkultur.de\/index.php?rest_route=\/wp\/v2\/pages\/104\/revisions"}],"predecessor-version":[{"id":105,"href":"https:\/\/gitarrenkultur.de\/index.php?rest_route=\/wp\/v2\/pages\/104\/revisions\/105"}],"up":[{"embeddable":true,"href":"https:\/\/gitarrenkultur.de\/index.php?rest_route=\/wp\/v2\/pages\/81"}],"wp:attachment":[{"href":"https:\/\/gitarrenkultur.de\/index.php?rest_route=%2Fwp%2Fv2%2Fmedia&parent=104"}],"curies":[{"name":"wp","href":"https:\/\/api.w.org\/{rel}","templated":true}]}}